Last updated on 2022-04-24 03:52:36 CEST.
Flavor | Version | Tinstall | Tcheck | Ttotal | Status | Flags |
---|---|---|---|---|---|---|
r-devel-linux-x86_64-debian-clang | 0.3.1 | 3.01 | 45.17 | 48.18 | NOTE | |
r-devel-linux-x86_64-debian-gcc | 0.3.1 | 3.31 | 34.94 | 38.25 | NOTE | |
r-devel-linux-x86_64-fedora-clang | 0.3.1 | 62.53 | NOTE | |||
r-devel-linux-x86_64-fedora-gcc | 0.3.1 | 48.49 | NOTE | |||
r-patched-linux-x86_64 | 0.3.1 | 4.62 | 43.40 | 48.02 | NOTE | |
r-release-linux-x86_64 | 0.3.1 | 3.66 | 42.07 | 45.73 | NOTE | |
r-release-macos-arm64 | 0.3.1 | NOTE | ||||
r-release-macos-x86_64 | 0.3.1 | NOTE | ||||
r-release-windows-x86_64 | 0.3.1 | 20.00 | 66.00 | 86.00 | NOTE | |
r-oldrel-macos-arm64 | 0.3.1 | NOTE | ||||
r-oldrel-macos-x86_64 | 0.3.1 | NOTE | ||||
r-oldrel-windows-ix86+x86_64 | 0.3.1 | 8.00 | 50.00 | 58.00 | NOTE |
Version: 0.3.1
Check: LazyData
Result: NOTE
'LazyData' is specified without a 'data' directory
Flavors: r-devel-linux-x86_64-debian-clang, r-devel-linux-x86_64-debian-gcc, r-devel-linux-x86_64-fedora-clang, r-devel-linux-x86_64-fedora-gcc, r-patched-linux-x86_64, r-release-linux-x86_64, r-release-macos-arm64, r-release-macos-x86_64, r-release-windows-x86_64, r-oldrel-macos-arm64, r-oldrel-macos-x86_64, r-oldrel-windows-ix86+x86_64