Last updated on 2022-04-24 03:52:36 CEST.
Flavor | Version | Tinstall | Tcheck | Ttotal | Status | Flags |
---|---|---|---|---|---|---|
r-devel-linux-x86_64-debian-clang | 0.1.3 | 4.17 | 49.27 | 53.44 | OK | |
r-devel-linux-x86_64-debian-gcc | 0.1.3 | 3.45 | 37.08 | 40.53 | OK | |
r-devel-linux-x86_64-fedora-clang | 0.1.3 | 64.41 | NOTE | |||
r-devel-linux-x86_64-fedora-gcc | 0.1.3 | 51.84 | NOTE | |||
r-patched-linux-x86_64 | 0.1.3 | 3.01 | 46.32 | 49.33 | OK | |
r-release-linux-x86_64 | 0.1.3 | 2.88 | 44.90 | 47.78 | OK | |
r-release-macos-arm64 | 0.1.3 | NOTE | ||||
r-release-macos-x86_64 | 0.1.3 | NOTE | ||||
r-release-windows-x86_64 | 0.1.3 | 13.00 | 62.00 | 75.00 | OK | |
r-oldrel-macos-arm64 | 0.1.3 | NOTE | ||||
r-oldrel-macos-x86_64 | 0.1.3 | NOTE | ||||
r-oldrel-windows-ix86+x86_64 | 0.1.3 | 10.00 | 54.00 | 64.00 | OK |
Version: 0.1.3
Check: dependencies in R code
Result: NOTE
Namespace in Imports field not imported from: ‘lifecycle’
All declared Imports should be used.
Flavors: r-devel-linux-x86_64-fedora-clang, r-devel-linux-x86_64-fedora-gcc, r-release-macos-arm64, r-release-macos-x86_64, r-oldrel-macos-arm64, r-oldrel-macos-x86_64