Last updated on 2022-04-24 03:52:36 CEST.
Flavor | Version | Tinstall | Tcheck | Ttotal | Status | Flags |
---|---|---|---|---|---|---|
r-devel-linux-x86_64-debian-clang | 0.2.2 | 83.96 | 65.95 | 149.91 | OK | |
r-devel-linux-x86_64-debian-gcc | 0.2.2 | 71.69 | 52.04 | 123.73 | OK | |
r-devel-linux-x86_64-fedora-clang | 0.2.2 | 242.20 | NOTE | |||
r-devel-linux-x86_64-fedora-gcc | 0.2.2 | 204.99 | OK | |||
r-patched-linux-x86_64 | 0.2.2 | 67.48 | 66.75 | 134.23 | OK | |
r-release-linux-x86_64 | 0.2.2 | 58.65 | 66.07 | 124.72 | OK | |
r-release-macos-arm64 | 0.2.2 | NOTE | ||||
r-release-macos-x86_64 | 0.2.2 | NOTE | ||||
r-release-windows-x86_64 | 0.2.2 | 175.00 | 102.00 | 277.00 | OK | |
r-oldrel-macos-arm64 | 0.2.2 | NOTE | ||||
r-oldrel-macos-x86_64 | 0.2.2 | NOTE | ||||
r-oldrel-windows-ix86+x86_64 | 0.2.2 | 207.00 | 105.00 | 312.00 | OK |
Version: 0.2.2
Check: installed package size
Result: NOTE
installed size is 22.5Mb
sub-directories of 1Mb or more:
doc 1.4Mb
libs 20.9Mb
Flavors: r-devel-linux-x86_64-fedora-clang, r-release-macos-arm64, r-release-macos-x86_64, r-oldrel-macos-arm64, r-oldrel-macos-x86_64