Last updated on 2022-04-24 03:52:36 CEST.
Flavor | Version | Tinstall | Tcheck | Ttotal | Status | Flags |
---|---|---|---|---|---|---|
r-devel-linux-x86_64-debian-clang | 1.1 | 2.34 | 49.66 | 52.00 | OK | |
r-devel-linux-x86_64-debian-gcc | 1.1 | 1.87 | 37.00 | 38.87 | OK | |
r-devel-linux-x86_64-fedora-clang | 1.1 | 62.26 | OK | |||
r-devel-linux-x86_64-fedora-gcc | 1.1 | 51.43 | OK | |||
r-patched-linux-x86_64 | 1.1 | 1.07 | 11.16 | 12.23 | ERROR | |
r-release-linux-x86_64 | 1.1 | 1.97 | 47.56 | 49.53 | OK | |
r-release-macos-arm64 | 1.1 | OK | ||||
r-release-macos-x86_64 | 1.1 | OK | ||||
r-release-windows-x86_64 | 1.1 | 13.00 | 61.00 | 74.00 | OK | |
r-oldrel-macos-arm64 | 1.1 | OK | ||||
r-oldrel-macos-x86_64 | 1.1 | OK | ||||
r-oldrel-windows-ix86+x86_64 | 1.1 | 4.00 | 42.00 | 46.00 | OK |
Version: 1.1
Check: whether package can be installed
Result: ERROR
Installation failed.
Flavor: r-patched-linux-x86_64