Last updated on 2022-04-24 03:52:36 CEST.
Flavor | Version | Tinstall | Tcheck | Ttotal | Status | Flags |
---|---|---|---|---|---|---|
r-devel-linux-x86_64-debian-clang | 2022.03.22 | 298.49 | 514.74 | 813.23 | OK | |
r-devel-linux-x86_64-debian-gcc | 2022.03.22 | 241.61 | 360.10 | 601.71 | OK | |
r-devel-linux-x86_64-fedora-clang | 2022.03.22 | 1078.68 | NOTE | |||
r-devel-linux-x86_64-fedora-gcc | 2022.03.22 | 1025.46 | OK | |||
r-patched-linux-x86_64 | 2022.03.22 | 243.26 | 461.52 | 704.78 | OK | |
r-release-linux-x86_64 | 2022.03.22 | 189.52 | 448.78 | 638.30 | OK | |
r-release-macos-arm64 | 2022.03.22 | NOTE | ||||
r-release-macos-x86_64 | 2022.03.22 | NOTE | ||||
r-release-windows-x86_64 | 2022.03.22 | 438.00 | 535.00 | 973.00 | OK | |
r-oldrel-macos-arm64 | 2022.03.22 | NOTE | ||||
r-oldrel-macos-x86_64 | 2022.03.22 | NOTE | ||||
r-oldrel-windows-ix86+x86_64 | 2022.03.22 | 676.00 | 826.00 | 1502.00 | OK |
Version: 2022.03.22
Check: installed package size
Result: NOTE
installed size is 8.7Mb
sub-directories of 1Mb or more:
libs 7.2Mb
Flavors: r-devel-linux-x86_64-fedora-clang, r-release-macos-arm64, r-release-macos-x86_64, r-oldrel-macos-arm64, r-oldrel-macos-x86_64