Last updated on 2022-04-24 03:52:36 CEST.
Flavor | Version | Tinstall | Tcheck | Ttotal | Status | Flags |
---|---|---|---|---|---|---|
r-devel-linux-x86_64-debian-clang | 1.2.1 | 5.33 | 40.21 | 45.54 | NOTE | |
r-devel-linux-x86_64-debian-gcc | 1.2.1 | 3.74 | 30.41 | 34.15 | NOTE | |
r-devel-linux-x86_64-fedora-clang | 1.2.1 | 54.76 | NOTE | |||
r-devel-linux-x86_64-fedora-gcc | 1.2.1 | 43.03 | NOTE | |||
r-patched-linux-x86_64 | 1.2.1 | 3.71 | 38.81 | 42.52 | NOTE | |
r-release-linux-x86_64 | 1.2.1 | 3.87 | 38.55 | 42.42 | NOTE | |
r-release-macos-arm64 | 1.2.1 | NOTE | ||||
r-release-macos-x86_64 | 1.2.1 | NOTE | ||||
r-release-windows-x86_64 | 1.2.1 | 30.00 | 49.00 | 79.00 | NOTE | |
r-oldrel-macos-arm64 | 1.2.1 | NOTE | ||||
r-oldrel-macos-x86_64 | 1.2.1 | NOTE | ||||
r-oldrel-windows-ix86+x86_64 | 1.2.1 | 8.00 | 32.00 | 40.00 | NOTE |
Version: 1.2.1
Check: LazyData
Result: NOTE
'LazyData' is specified without a 'data' directory
Flavors: r-devel-linux-x86_64-debian-clang, r-devel-linux-x86_64-debian-gcc, r-devel-linux-x86_64-fedora-clang, r-devel-linux-x86_64-fedora-gcc, r-patched-linux-x86_64, r-release-linux-x86_64, r-release-macos-arm64, r-release-macos-x86_64, r-release-windows-x86_64, r-oldrel-macos-arm64, r-oldrel-macos-x86_64, r-oldrel-windows-ix86+x86_64
Version: 1.2.1
Check: Rd cross-references
Result: NOTE
Undeclared package ‘utility’ in Rd xrefs
Flavor: r-devel-linux-x86_64-fedora-clang