Last updated on 2022-04-24 03:52:36 CEST.
Flavor | Version | Tinstall | Tcheck | Ttotal | Status | Flags |
---|---|---|---|---|---|---|
r-devel-linux-x86_64-debian-clang | 4-13 | 9.58 | 41.04 | 50.62 | OK | |
r-devel-linux-x86_64-debian-gcc | 4-13 | 7.79 | 30.64 | 38.43 | OK | |
r-devel-linux-x86_64-fedora-clang | 4-13 | 64.81 | OK | |||
r-devel-linux-x86_64-fedora-gcc | 4-13 | 51.73 | OK | |||
r-patched-linux-x86_64 | 4-13 | 9.04 | 38.92 | 47.96 | OK | |
r-release-linux-x86_64 | 4-13 | 8.79 | 37.97 | 46.76 | OK | |
r-release-macos-arm64 | 4-13 | ERROR | ||||
r-release-macos-x86_64 | 4-13 | ERROR | ||||
r-release-windows-x86_64 | 4-13 | 26.00 | 71.00 | 97.00 | OK | |
r-oldrel-macos-arm64 | 4-13 | ERROR | ||||
r-oldrel-macos-x86_64 | 4-13 | ERROR | ||||
r-oldrel-windows-ix86+x86_64 | 4-13 | 22.00 | 70.00 | 92.00 | OK |
Version: 4-13
Check: whether package can be installed
Result: ERROR
Installation failed.
Flavors: r-release-macos-arm64, r-release-macos-x86_64, r-oldrel-macos-arm64, r-oldrel-macos-x86_64