Last updated on 2022-04-24 03:52:36 CEST.
Flavor | Version | Tinstall | Tcheck | Ttotal | Status | Flags |
---|---|---|---|---|---|---|
r-devel-linux-x86_64-debian-clang | 0.2.0 | 5.91 | 113.35 | 119.26 | NOTE | |
r-devel-linux-x86_64-debian-gcc | 0.2.0 | 6.01 | 85.37 | 91.38 | NOTE | |
r-devel-linux-x86_64-fedora-clang | 0.2.0 | 143.45 | NOTE | |||
r-devel-linux-x86_64-fedora-gcc | 0.2.0 | 133.28 | NOTE | |||
r-patched-linux-x86_64 | 0.2.0 | 6.59 | 115.21 | 121.80 | NOTE | |
r-release-linux-x86_64 | 0.2.0 | 6.78 | 115.47 | 122.25 | NOTE | |
r-release-macos-arm64 | 0.2.0 | NOTE | ||||
r-release-macos-x86_64 | 0.2.0 | NOTE | ||||
r-release-windows-x86_64 | 0.2.0 | 29.00 | 128.00 | 157.00 | NOTE | |
r-oldrel-macos-arm64 | 0.2.0 | NOTE | ||||
r-oldrel-macos-x86_64 | 0.2.0 | NOTE | ||||
r-oldrel-windows-ix86+x86_64 | 0.2.0 | 16.00 | 115.00 | 131.00 | NOTE |
Version: 0.2.0
Check: LazyData
Result: NOTE
'LazyData' is specified without a 'data' directory
Flavors: r-devel-linux-x86_64-debian-clang, r-devel-linux-x86_64-debian-gcc, r-devel-linux-x86_64-fedora-clang, r-devel-linux-x86_64-fedora-gcc, r-patched-linux-x86_64, r-release-linux-x86_64, r-release-macos-arm64, r-release-macos-x86_64, r-release-windows-x86_64, r-oldrel-macos-arm64, r-oldrel-macos-x86_64, r-oldrel-windows-ix86+x86_64