Last updated on 2022-04-24 03:52:36 CEST.
Flavor | Version | Tinstall | Tcheck | Ttotal | Status | Flags |
---|---|---|---|---|---|---|
r-devel-linux-x86_64-debian-clang | 1.10.16 | 5.81 | 47.41 | 53.22 | OK | |
r-devel-linux-x86_64-debian-gcc | 1.10.16 | 3.93 | 36.61 | 40.54 | OK | |
r-devel-linux-x86_64-fedora-clang | 1.10.16 | 64.53 | NOTE | |||
r-devel-linux-x86_64-fedora-gcc | 1.10.16 | 52.18 | NOTE | |||
r-patched-linux-x86_64 | 1.10.16 | 3.99 | 45.81 | 49.80 | OK | |
r-release-linux-x86_64 | 1.10.16 | 4.61 | 45.00 | 49.61 | OK | |
r-release-macos-arm64 | 1.10.16 | NOTE | ||||
r-release-macos-x86_64 | 1.10.16 | NOTE | ||||
r-release-windows-x86_64 | 1.10.16 | 25.00 | 71.00 | 96.00 | OK | |
r-oldrel-macos-arm64 | 1.10.16 | NOTE | ||||
r-oldrel-macos-x86_64 | 1.10.16 | NOTE | ||||
r-oldrel-windows-ix86+x86_64 | 1.10.16 | 11.00 | 67.00 | 78.00 | OK |
Version: 1.10.16
Check: dependencies in R code
Result: NOTE
Namespace in Imports field not imported from: ‘knitr’
All declared Imports should be used.
Flavors: r-devel-linux-x86_64-fedora-clang, r-devel-linux-x86_64-fedora-gcc, r-release-macos-arm64, r-release-macos-x86_64, r-oldrel-macos-arm64, r-oldrel-macos-x86_64