Last updated on 2022-04-24 03:52:36 CEST.
Flavor | Version | Tinstall | Tcheck | Ttotal | Status | Flags |
---|---|---|---|---|---|---|
r-devel-linux-x86_64-debian-clang | 2.0.0 | 67.09 | 58.48 | 125.57 | OK | |
r-devel-linux-x86_64-debian-gcc | 2.0.0 | 55.36 | 44.28 | 99.64 | OK | |
r-devel-linux-x86_64-fedora-clang | 2.0.0 | 175.51 | OK | |||
r-devel-linux-x86_64-fedora-gcc | 2.0.0 | 154.04 | OK | |||
r-patched-linux-x86_64 | 2.0.0 | 64.24 | 55.29 | 119.53 | OK | |
r-release-linux-x86_64 | 2.0.0 | 58.47 | 55.02 | 113.49 | OK | |
r-release-macos-arm64 | 2.0.0 | NOTE | ||||
r-release-macos-x86_64 | 2.0.0 | NOTE | ||||
r-release-windows-x86_64 | 2.0.0 | 59.00 | 100.00 | 159.00 | OK | |
r-oldrel-macos-arm64 | 2.0.0 | NOTE | ||||
r-oldrel-macos-x86_64 | 2.0.0 | NOTE | ||||
r-oldrel-windows-ix86+x86_64 | 2.0.0 | 155.00 | 115.00 | 270.00 | OK |
Version: 2.0.0
Check: installed package size
Result: NOTE
installed size is 7.0Mb
sub-directories of 1Mb or more:
libs 6.8Mb
Flavors: r-release-macos-arm64, r-release-macos-x86_64, r-oldrel-macos-arm64, r-oldrel-macos-x86_64