Last updated on 2022-04-24 03:52:36 CEST.
Flavor | Version | Tinstall | Tcheck | Ttotal | Status | Flags |
---|---|---|---|---|---|---|
r-devel-linux-x86_64-debian-clang | 0.2.21 | 4.84 | 34.26 | 39.10 | OK | |
r-devel-linux-x86_64-debian-gcc | 0.2.21 | 3.36 | 26.68 | 30.04 | OK | |
r-devel-linux-x86_64-fedora-clang | 0.2.21 | 50.07 | OK | |||
r-devel-linux-x86_64-fedora-gcc | 0.2.21 | 36.93 | OK | |||
r-patched-linux-x86_64 | 0.2.21 | 4.23 | 33.59 | 37.82 | OK | |
r-release-linux-x86_64 | 0.2.21 | 4.56 | 32.28 | 36.84 | OK | |
r-release-macos-arm64 | 0.2.21 | OK | ||||
r-release-macos-x86_64 | 0.2.21 | WARN | --as-cran | |||
r-release-windows-x86_64 | 0.2.21 | 24.00 | 71.00 | 95.00 | OK | |
r-oldrel-macos-arm64 | 0.2.21 | OK | ||||
r-oldrel-macos-x86_64 | 0.2.21 | WARN | --as-cran | |||
r-oldrel-windows-ix86+x86_64 | 0.2.21 | 15.00 | 58.00 | 73.00 | OK |
Version: 0.2.21
Flags: --as-cran
Check: CRAN incoming feasibility
Result: WARN
Maintainer: ‘Alex Couture-Beil <rjson_pkg@mofo.ca>’
Insufficient package version (submitted: 0.2.21, existing: 0.2.21)
Days since last update: 0
Flavors: r-release-macos-x86_64, r-oldrel-macos-x86_64
Version: 0.2.21
Flags: --as-cran
Check: sizes of PDF files under ‘inst/doc’
Result: NOTE
Unable to find GhostScript executable to run checks on size reduction
Flavors: r-release-macos-x86_64, r-oldrel-macos-x86_64