Last updated on 2022-04-24 03:52:36 CEST.
Flavor | Version | Tinstall | Tcheck | Ttotal | Status | Flags |
---|---|---|---|---|---|---|
r-devel-linux-x86_64-debian-clang | 1.2 | 7.47 | 62.28 | 69.75 | OK | |
r-devel-linux-x86_64-debian-gcc | 1.2 | 5.25 | 48.41 | 53.66 | OK | |
r-devel-linux-x86_64-fedora-clang | 1.2 | 78.07 | NOTE | |||
r-devel-linux-x86_64-fedora-gcc | 1.2 | 67.69 | OK | |||
r-patched-linux-x86_64 | 1.2 | 6.69 | 59.78 | 66.47 | OK | |
r-release-linux-x86_64 | 1.2 | 6.90 | 56.16 | 63.06 | OK | |
r-release-macos-arm64 | 1.2 | NOTE | ||||
r-release-macos-x86_64 | 1.2 | NOTE | ||||
r-release-windows-x86_64 | 1.2 | 1237.00 | 63.00 | 1300.00 | NOTE | |
r-oldrel-macos-arm64 | 1.2 | NOTE | ||||
r-oldrel-macos-x86_64 | 1.2 | NOTE | ||||
r-oldrel-windows-ix86+x86_64 | 1.2 | 12.00 | 55.00 | 67.00 | NOTE |
Version: 1.2
Check: installed package size
Result: NOTE
installed size is 12.2Mb
sub-directories of 1Mb or more:
java 12.0Mb
Flavors: r-devel-linux-x86_64-fedora-clang, r-release-macos-arm64, r-release-macos-x86_64, r-release-windows-x86_64, r-oldrel-macos-arm64, r-oldrel-macos-x86_64, r-oldrel-windows-ix86+x86_64