Last updated on 2022-04-24 03:52:36 CEST.
Flavor | Version | Tinstall | Tcheck | Ttotal | Status | Flags |
---|---|---|---|---|---|---|
r-devel-linux-x86_64-debian-clang | 1.5.3 | 456.22 | 46.39 | 502.61 | OK | |
r-devel-linux-x86_64-debian-gcc | 1.5.3 | 337.38 | 35.70 | 373.08 | OK | |
r-devel-linux-x86_64-fedora-clang | 1.5.3 | 760.91 | NOTE | |||
r-devel-linux-x86_64-fedora-gcc | 1.5.3 | 611.83 | OK | |||
r-patched-linux-x86_64 | 1.5.3 | 376.62 | 44.80 | 421.42 | OK | |
r-release-linux-x86_64 | 1.5.3 | 364.28 | 44.49 | 408.77 | OK | |
r-release-macos-arm64 | 1.5.3 | NOTE | ||||
r-release-macos-x86_64 | 1.5.3 | NOTE | ||||
r-release-windows-x86_64 | 1.5.3 | 367.00 | 106.00 | 473.00 | OK | |
r-oldrel-macos-arm64 | 1.5.3 | NOTE | ||||
r-oldrel-macos-x86_64 | 1.5.3 | NOTE | ||||
r-oldrel-windows-ix86+x86_64 | 1.5.3 | 1085.00 | 99.00 | 1184.00 | NOTE |
Version: 1.5.3
Check: installed package size
Result: NOTE
installed size is 8.1Mb
sub-directories of 1Mb or more:
libs 7.6Mb
Flavors: r-devel-linux-x86_64-fedora-clang, r-release-macos-arm64, r-release-macos-x86_64, r-oldrel-macos-arm64, r-oldrel-macos-x86_64, r-oldrel-windows-ix86+x86_64