Last updated on 2022-04-24 03:52:36 CEST.
Flavor | Version | Tinstall | Tcheck | Ttotal | Status | Flags |
---|---|---|---|---|---|---|
r-devel-linux-x86_64-debian-clang | 0.2 | 31.12 | 257.43 | 288.55 | OK | |
r-devel-linux-x86_64-debian-gcc | 0.2 | 21.85 | 188.86 | 210.71 | OK | |
r-devel-linux-x86_64-fedora-clang | 0.2 | 339.75 | NOTE | |||
r-devel-linux-x86_64-fedora-gcc | 0.2 | 325.30 | OK | |||
r-patched-linux-x86_64 | 0.2 | 33.11 | 245.82 | 278.93 | OK | |
r-release-linux-x86_64 | 0.2 | 24.99 | 224.25 | 249.24 | OK | |
r-release-macos-arm64 | 0.2 | OK | ||||
r-release-macos-x86_64 | 0.2 | OK | ||||
r-release-windows-x86_64 | 0.2 | 48.00 | 235.00 | 283.00 | OK | |
r-oldrel-macos-arm64 | 0.2 | OK | ||||
r-oldrel-macos-x86_64 | 0.2 | OK | ||||
r-oldrel-windows-ix86+x86_64 | 0.2 | 56.00 | 235.00 | 291.00 | OK |
Version: 0.2
Check: Rd cross-references
Result: NOTE
Undeclared package ‘rgdal’ in Rd xrefs
Flavor: r-devel-linux-x86_64-fedora-clang