Last updated on 2022-04-24 03:52:36 CEST.
Flavor | Version | Tinstall | Tcheck | Ttotal | Status | Flags |
---|---|---|---|---|---|---|
r-devel-linux-x86_64-debian-clang | 0.2.0 | 100.13 | 50.26 | 150.39 | OK | |
r-devel-linux-x86_64-debian-gcc | 0.2.0 | 89.33 | 39.58 | 128.91 | OK | |
r-devel-linux-x86_64-fedora-clang | 0.2.0 | 229.00 | NOTE | |||
r-devel-linux-x86_64-fedora-gcc | 0.2.0 | 208.62 | OK | |||
r-patched-linux-x86_64 | 0.2.0 | 92.45 | 49.71 | 142.16 | OK | |
r-release-linux-x86_64 | 0.2.0 | 98.04 | 47.42 | 145.46 | OK | |
r-release-macos-arm64 | 0.2.0 | NOTE | ||||
r-release-macos-x86_64 | 0.2.0 | NOTE | ||||
r-release-windows-x86_64 | 0.2.0 | 119.00 | 105.00 | 224.00 | NOTE | |
r-oldrel-macos-arm64 | 0.2.0 | NOTE | ||||
r-oldrel-macos-x86_64 | 0.2.0 | NOTE | ||||
r-oldrel-windows-ix86+x86_64 | 0.2.0 | 202.00 | 97.00 | 299.00 | NOTE |
Version: 0.2.0
Check: installed package size
Result: NOTE
installed size is 14.6Mb
sub-directories of 1Mb or more:
lemon 2.9Mb
libs 11.5Mb
Flavors: r-devel-linux-x86_64-fedora-clang, r-release-macos-arm64, r-release-macos-x86_64, r-release-windows-x86_64, r-oldrel-macos-arm64, r-oldrel-macos-x86_64, r-oldrel-windows-ix86+x86_64