Last updated on 2022-04-24 03:52:36 CEST.
Flavor | Version | Tinstall | Tcheck | Ttotal | Status | Flags |
---|---|---|---|---|---|---|
r-devel-linux-x86_64-debian-clang | 1.0.0 | 140.14 | 246.56 | 386.70 | OK | |
r-devel-linux-x86_64-debian-gcc | 1.0.0 | 114.27 | 184.35 | 298.62 | OK | |
r-devel-linux-x86_64-fedora-clang | 1.0.0 | 508.55 | NOTE | |||
r-devel-linux-x86_64-fedora-gcc | 1.0.0 | 489.27 | OK | |||
r-patched-linux-x86_64 | 1.0.0 | 103.34 | 233.81 | 337.15 | OK | |
r-release-linux-x86_64 | 1.0.0 | 112.33 | 223.47 | 335.80 | OK | |
r-release-macos-arm64 | 1.0.0 | NOTE | ||||
r-release-macos-x86_64 | 1.0.0 | NOTE | ||||
r-release-windows-x86_64 | 1.0.0 | 127.00 | 275.00 | 402.00 | OK | |
r-oldrel-macos-arm64 | 1.0.0 | NOTE | ||||
r-oldrel-macos-x86_64 | 1.0.0 | NOTE | ||||
r-oldrel-windows-ix86+x86_64 | 1.0.0 | 325.00 | 376.00 | 701.00 | OK |
Version: 1.0.0
Check: installed package size
Result: NOTE
installed size is 5.5Mb
sub-directories of 1Mb or more:
libs 4.9Mb
Flavors: r-devel-linux-x86_64-fedora-clang, r-release-macos-arm64, r-release-macos-x86_64, r-oldrel-macos-arm64, r-oldrel-macos-x86_64
Version: 1.0.0
Check: package dependencies
Result: NOTE
Packages suggested but not available for checking:
'GenomicRanges', 'org.Hs.eg.db', 'reactome.db', 'fgsea'
Flavors: r-release-macos-arm64, r-oldrel-macos-arm64
Version: 1.0.0
Check: package dependencies
Result: NOTE
Packages suggested but not available for checking:
'org.Hs.eg.db', 'reactome.db', 'fgsea'
Flavors: r-release-macos-x86_64, r-oldrel-macos-x86_64