Last updated on 2022-04-24 03:52:36 CEST.
Flavor | Version | Tinstall | Tcheck | Ttotal | Status | Flags |
---|---|---|---|---|---|---|
r-devel-linux-x86_64-debian-clang | 1.6.2 | 13.80 | 53.91 | 67.71 | NOTE | |
r-devel-linux-x86_64-debian-gcc | 1.6.2 | 12.42 | 40.84 | 53.26 | NOTE | |
r-devel-linux-x86_64-fedora-clang | 1.6.2 | 86.63 | NOTE | |||
r-devel-linux-x86_64-fedora-gcc | 1.6.2 | 74.40 | NOTE | |||
r-patched-linux-x86_64 | 1.6.2 | 20.86 | 52.22 | 73.08 | NOTE | |
r-release-linux-x86_64 | 1.6.2 | 15.43 | 51.81 | 67.24 | NOTE | |
r-release-macos-arm64 | 1.6.2 | OK | ||||
r-release-macos-x86_64 | 1.6.2 | OK | ||||
r-release-windows-x86_64 | 1.6.2 | 34.00 | 80.00 | 114.00 | OK | |
r-oldrel-macos-arm64 | 1.6.2 | OK | ||||
r-oldrel-macos-x86_64 | 1.6.2 | OK | ||||
r-oldrel-windows-ix86+x86_64 | 1.6.2 | 31.00 | 94.00 | 125.00 | OK |
Version: 1.6.2
Check: for non-standard things in the check directory
Result: NOTE
Found the following files/directories:
'file.out'
Flavors: r-devel-linux-x86_64-debian-clang, r-devel-linux-x86_64-debian-gcc, r-devel-linux-x86_64-fedora-clang, r-devel-linux-x86_64-fedora-gcc, r-patched-linux-x86_64, r-release-linux-x86_64