Last updated on 2022-04-24 03:52:36 CEST.
Flavor | Version | Tinstall | Tcheck | Ttotal | Status | Flags |
---|---|---|---|---|---|---|
r-devel-linux-x86_64-debian-clang | 0.1.13 | 1212.42 | 202.27 | 1414.69 | NOTE | |
r-devel-linux-x86_64-debian-gcc | 0.1.13 | 1164.74 | 201.17 | 1365.91 | NOTE | |
r-devel-linux-x86_64-fedora-clang | 0.1.13 | 2049.62 | NOTE | |||
r-devel-linux-x86_64-fedora-gcc | 0.1.13 | 2224.31 | NOTE | |||
r-patched-linux-x86_64 | 0.1.13 | 0.03 | 12.04 | 12.07 | ERROR | |
r-release-linux-x86_64 | 0.1.13 | 1044.13 | 241.27 | 1285.40 | NOTE | |
r-release-macos-arm64 | 0.1.13 | NOTE | ||||
r-release-macos-x86_64 | 0.1.13 | NOTE | ||||
r-release-windows-x86_64 | 0.1.13 | 848.00 | 332.00 | 1180.00 | NOTE | |
r-oldrel-macos-arm64 | 0.1.13 | NOTE | ||||
r-oldrel-macos-x86_64 | 0.1.13 | NOTE | ||||
r-oldrel-windows-ix86+x86_64 | 0.1.13 | 1617.00 | 10.00 | 1627.00 | ERROR |
Version: 0.1.13
Check: for GNU extensions in Makefiles
Result: NOTE
GNU make is a SystemRequirements.
Flavors: r-devel-linux-x86_64-debian-clang, r-devel-linux-x86_64-debian-gcc, r-devel-linux-x86_64-fedora-clang, r-devel-linux-x86_64-fedora-gcc, r-release-linux-x86_64, r-release-macos-arm64, r-release-macos-x86_64, r-release-windows-x86_64, r-oldrel-macos-arm64, r-oldrel-macos-x86_64
Version: 0.1.13
Check: installed package size
Result: NOTE
installed size is 108.4Mb
sub-directories of 1Mb or more:
libs 108.0Mb
Flavors: r-devel-linux-x86_64-fedora-clang, r-release-macos-arm64, r-release-macos-x86_64, r-release-windows-x86_64, r-oldrel-macos-arm64, r-oldrel-macos-x86_64
Version: 0.1.13
Check: dependencies in R code
Result: NOTE
Namespaces in Imports field not imported from:
‘RcppParallel’ ‘rstantools’
All declared Imports should be used.
Flavors: r-devel-linux-x86_64-fedora-clang, r-devel-linux-x86_64-fedora-gcc, r-release-macos-arm64, r-release-macos-x86_64, r-oldrel-macos-arm64, r-oldrel-macos-x86_64
Version: 0.1.13
Check: whether package can be installed
Result: ERROR
Installation failed.
Flavors: r-patched-linux-x86_64, r-oldrel-windows-ix86+x86_64