Last updated on 2022-04-24 03:52:36 CEST.
Flavor | Version | Tinstall | Tcheck | Ttotal | Status | Flags |
---|---|---|---|---|---|---|
r-devel-linux-x86_64-debian-clang | 3.0.1 | 2.49 | 32.65 | 35.14 | NOTE | |
r-devel-linux-x86_64-debian-gcc | 3.0.1 | 1.77 | 26.07 | 27.84 | NOTE | |
r-devel-linux-x86_64-fedora-clang | 3.0.1 | 43.83 | NOTE | |||
r-devel-linux-x86_64-fedora-gcc | 3.0.1 | 31.66 | NOTE | |||
r-patched-linux-x86_64 | 3.0.1 | 2.05 | 32.39 | 34.44 | NOTE | |
r-release-linux-x86_64 | 3.0.1 | 1.84 | 31.57 | 33.41 | NOTE | |
r-release-macos-arm64 | 3.0.1 | NOTE | ||||
r-release-macos-x86_64 | 3.0.1 | NOTE | ||||
r-release-windows-x86_64 | 3.0.1 | 13.00 | 51.00 | 64.00 | NOTE | |
r-oldrel-macos-arm64 | 3.0.1 | NOTE | ||||
r-oldrel-macos-x86_64 | 3.0.1 | NOTE | ||||
r-oldrel-windows-ix86+x86_64 | 3.0.1 | 4.00 | 28.00 | 32.00 | NOTE |
Version: 3.0.1
Check: R code for possible problems
Result: NOTE
ma.filter: no visible global function definition for 'par'
ma.filter: no visible global function definition for 'lines'
ma.filter: no visible global function definition for 'abline'
qn: no visible global function definition for 'lm'
qn: no visible global function definition for 'var'
qn: no visible global function definition for 'resid'
ss.filter: no visible global function definition for 'smooth.spline'
ss.filter: no visible global function definition for 'par'
ss.filter: no visible global function definition for 'lines'
ss.filter: no visible global function definition for 'abline'
Undefined global functions or variables:
abline lines lm par resid smooth.spline var
Consider adding
importFrom("graphics", "abline", "lines", "par")
importFrom("stats", "lm", "resid", "smooth.spline", "var")
to your NAMESPACE file.
Flavors: r-devel-linux-x86_64-debian-clang, r-devel-linux-x86_64-debian-gcc, r-devel-linux-x86_64-fedora-clang, r-devel-linux-x86_64-fedora-gcc, r-patched-linux-x86_64, r-release-linux-x86_64, r-release-macos-arm64, r-release-macos-x86_64, r-release-windows-x86_64, r-oldrel-macos-arm64, r-oldrel-macos-x86_64, r-oldrel-windows-ix86+x86_64