Last updated on 2022-04-24 03:52:36 CEST.
Flavor | Version | Tinstall | Tcheck | Ttotal | Status | Flags |
---|---|---|---|---|---|---|
r-devel-linux-x86_64-debian-clang | 1.1.0 | 4.62 | 59.06 | 63.68 | NOTE | |
r-devel-linux-x86_64-debian-gcc | 1.1.0 | 3.44 | 44.38 | 47.82 | NOTE | |
r-devel-linux-x86_64-fedora-clang | 1.1.0 | 76.36 | NOTE | |||
r-devel-linux-x86_64-fedora-gcc | 1.1.0 | 62.95 | NOTE | |||
r-patched-linux-x86_64 | 1.1.0 | 5.22 | 55.89 | 61.11 | NOTE | |
r-release-linux-x86_64 | 1.1.0 | 2.73 | 53.49 | 56.22 | NOTE | |
r-release-macos-arm64 | 1.1.0 | NOTE | ||||
r-release-macos-x86_64 | 1.1.0 | NOTE | ||||
r-release-windows-x86_64 | 1.1.0 | 18.00 | 86.00 | 104.00 | NOTE | |
r-oldrel-macos-arm64 | 1.1.0 | NOTE | ||||
r-oldrel-macos-x86_64 | 1.1.0 | NOTE | ||||
r-oldrel-windows-ix86+x86_64 | 1.1.0 | 11.00 | 74.00 | 85.00 | NOTE |
Version: 1.1.0
Check: LazyData
Result: NOTE
'LazyData' is specified without a 'data' directory
Flavors: r-devel-linux-x86_64-debian-clang, r-devel-linux-x86_64-debian-gcc, r-devel-linux-x86_64-fedora-clang, r-devel-linux-x86_64-fedora-gcc, r-patched-linux-x86_64, r-release-linux-x86_64, r-release-macos-arm64, r-release-macos-x86_64, r-release-windows-x86_64, r-oldrel-macos-arm64, r-oldrel-macos-x86_64, r-oldrel-windows-ix86+x86_64