Last updated on 2022-04-24 03:52:36 CEST.
Flavor | Version | Tinstall | Tcheck | Ttotal | Status | Flags |
---|---|---|---|---|---|---|
r-devel-linux-x86_64-debian-clang | 0.4.3 | 4.73 | 129.04 | 133.77 | OK | |
r-devel-linux-x86_64-debian-gcc | 0.4.3 | 4.24 | 95.78 | 100.02 | OK | |
r-devel-linux-x86_64-fedora-clang | 0.4.3 | 163.64 | NOTE | |||
r-devel-linux-x86_64-fedora-gcc | 0.4.3 | 143.96 | NOTE | |||
r-patched-linux-x86_64 | 0.4.3 | 3.32 | 123.26 | 126.58 | OK | |
r-release-linux-x86_64 | 0.4.3 | 3.32 | 120.53 | 123.85 | OK | |
r-release-macos-arm64 | 0.4.3 | NOTE | ||||
r-release-macos-x86_64 | 0.4.3 | NOTE | ||||
r-release-windows-x86_64 | 0.4.3 | 34.00 | 149.00 | 183.00 | OK | |
r-oldrel-macos-arm64 | 0.4.3 | NOTE | ||||
r-oldrel-macos-x86_64 | 0.4.3 | NOTE | ||||
r-oldrel-windows-ix86+x86_64 | 0.4.3 | 10.00 | 145.00 | 155.00 | OK |
Version: 0.4.3
Check: data for non-ASCII characters
Result: NOTE
Note: found 31 marked UTF-8 strings
Flavors: r-devel-linux-x86_64-fedora-clang, r-devel-linux-x86_64-fedora-gcc, r-release-macos-arm64, r-release-macos-x86_64, r-oldrel-macos-arm64, r-oldrel-macos-x86_64