Last updated on 2022-04-24 03:52:36 CEST.
Flavor | Version | Tinstall | Tcheck | Ttotal | Status | Flags |
---|---|---|---|---|---|---|
r-devel-linux-x86_64-debian-clang | 0.4.5 | 1.68 | 81.15 | 82.83 | OK | |
r-devel-linux-x86_64-debian-gcc | 0.4.5 | 1.60 | 58.51 | 60.11 | OK | |
r-devel-linux-x86_64-fedora-clang | 0.4.5 | 99.57 | OK | |||
r-devel-linux-x86_64-fedora-gcc | 0.4.5 | 57.31 | ERROR | |||
r-patched-linux-x86_64 | 0.4.5 | 2.45 | 73.39 | 75.84 | OK | |
r-release-linux-x86_64 | 0.4.5 | 1.38 | 70.25 | 71.63 | OK | |
r-release-macos-arm64 | 0.4.5 | OK | ||||
r-release-macos-x86_64 | 0.4.5 | OK | ||||
r-release-windows-x86_64 | 0.4.5 | 12.00 | 92.00 | 104.00 | OK | |
r-oldrel-macos-arm64 | 0.4.5 | OK | ||||
r-oldrel-macos-x86_64 | 0.4.5 | OK | ||||
r-oldrel-windows-ix86+x86_64 | 0.4.5 | 5.00 | 82.00 | 87.00 | OK |
Version: 0.4.5
Check: re-building of vignette outputs
Result: ERROR
Error(s) in re-building vignettes:
--- re-building ‘New_rmcorr_paper_analyses_figures.Rmd’ using rmarkdown
Warning in rmcorr(participant = Participant, measure1 = Age, measure2 = Volume, :
'Participant' coerced into a factor
Warning in rmcorr(participant = sub, measure1 = rt, measure2 = acc, dataset = gilden2010) :
'sub' coerced into a factor
Quitting from lines 653-729 (New_rmcorr_paper_analyses_figures.Rmd)
Error: processing vignette 'New_rmcorr_paper_analyses_figures.Rmd' failed with diagnostics:
could not find function "aictab"
--- failed re-building ‘New_rmcorr_paper_analyses_figures.Rmd’
SUMMARY: processing the following file failed:
‘New_rmcorr_paper_analyses_figures.Rmd’
Error: Vignette re-building failed.
Execution halted
Flavor: r-devel-linux-x86_64-fedora-gcc