Last updated on 2022-04-24 03:52:36 CEST.
Flavor | Version | Tinstall | Tcheck | Ttotal | Status | Flags |
---|---|---|---|---|---|---|
r-devel-linux-x86_64-debian-clang | 1.2.4 | 387.14 | 240.01 | 627.15 | NOTE | |
r-devel-linux-x86_64-debian-gcc | 1.2.4 | 325.47 | 189.73 | 515.20 | NOTE | |
r-devel-linux-x86_64-fedora-clang | 1.2.4 | 851.18 | NOTE | |||
r-devel-linux-x86_64-fedora-gcc | 1.2.4 | 844.66 | NOTE | |||
r-patched-linux-x86_64 | 1.2.4 | 325.43 | 249.76 | 575.19 | NOTE | |
r-release-linux-x86_64 | 1.2.4 | 294.65 | 243.01 | 537.66 | NOTE | |
r-release-macos-arm64 | 1.2.4 | NOTE | ||||
r-release-macos-x86_64 | 1.2.4 | NOTE | ||||
r-release-windows-x86_64 | 1.2.4 | 236.00 | 290.00 | 526.00 | NOTE | |
r-oldrel-macos-arm64 | 1.2.4 | NOTE | ||||
r-oldrel-macos-x86_64 | 1.2.4 | NOTE | ||||
r-oldrel-windows-ix86+x86_64 | 1.2.4 | 741.00 | 8.00 | 749.00 | ERROR |
Version: 1.2.4
Check: for GNU extensions in Makefiles
Result: NOTE
GNU make is a SystemRequirements.
Flavors: r-devel-linux-x86_64-debian-clang, r-devel-linux-x86_64-debian-gcc, r-devel-linux-x86_64-fedora-clang, r-devel-linux-x86_64-fedora-gcc, r-patched-linux-x86_64, r-release-linux-x86_64, r-release-macos-arm64, r-release-macos-x86_64, r-release-windows-x86_64, r-oldrel-macos-arm64, r-oldrel-macos-x86_64
Version: 1.2.4
Check: installed package size
Result: NOTE
installed size is 52.9Mb
sub-directories of 1Mb or more:
libs 52.2Mb
Flavors: r-devel-linux-x86_64-fedora-clang, r-release-macos-arm64, r-release-macos-x86_64, r-oldrel-macos-arm64, r-oldrel-macos-x86_64
Version: 1.2.4
Check: dependencies in R code
Result: NOTE
Namespace in Imports field not imported from: ‘RcppParallel’
All declared Imports should be used.
Flavors: r-devel-linux-x86_64-fedora-clang, r-devel-linux-x86_64-fedora-gcc, r-release-macos-arm64, r-release-macos-x86_64, r-oldrel-macos-arm64, r-oldrel-macos-x86_64
Version: 1.2.4
Check: whether package can be installed
Result: ERROR
Installation failed.
Flavor: r-oldrel-windows-ix86+x86_64