Last updated on 2022-04-24 03:52:36 CEST.
Flavor | Version | Tinstall | Tcheck | Ttotal | Status | Flags |
---|---|---|---|---|---|---|
r-devel-linux-x86_64-debian-clang | 1.3-9 | 156.03 | 284.96 | 440.99 | OK | |
r-devel-linux-x86_64-debian-gcc | 1.3-9 | 122.62 | 210.62 | 333.24 | OK | |
r-devel-linux-x86_64-fedora-clang | 1.3-9 | 581.71 | NOTE | |||
r-devel-linux-x86_64-fedora-gcc | 1.3-9 | 518.16 | OK | |||
r-patched-linux-x86_64 | 1.3-9 | 144.06 | 275.82 | 419.88 | OK | |
r-release-linux-x86_64 | 1.3-9 | 139.58 | 264.35 | 403.93 | OK | |
r-release-macos-arm64 | 1.3-9 | NOTE | ||||
r-release-macos-x86_64 | 1.3-9 | NOTE | ||||
r-release-windows-x86_64 | 1.3-9 | 167.00 | 315.00 | 482.00 | OK | |
r-oldrel-macos-arm64 | 1.3-9 | NOTE | ||||
r-oldrel-macos-x86_64 | 1.3-9 | NOTE | ||||
r-oldrel-windows-ix86+x86_64 | 1.3-9 | 305.00 | 327.00 | 632.00 | NOTE |
Version: 1.3-9
Check: installed package size
Result: NOTE
installed size is 7.5Mb
sub-directories of 1Mb or more:
R 2.1Mb
libs 4.4Mb
Flavors: r-devel-linux-x86_64-fedora-clang, r-release-macos-arm64, r-release-macos-x86_64, r-oldrel-macos-arm64, r-oldrel-macos-x86_64, r-oldrel-windows-ix86+x86_64