Last updated on 2022-04-24 03:52:36 CEST.
Flavor | Version | Tinstall | Tcheck | Ttotal | Status | Flags |
---|---|---|---|---|---|---|
r-devel-linux-x86_64-debian-clang | 0.1.1 | 143.08 | 47.96 | 191.04 | NOTE | |
r-devel-linux-x86_64-debian-gcc | 0.1.1 | 107.19 | 36.15 | 143.34 | NOTE | |
r-devel-linux-x86_64-fedora-clang | 0.1.1 | 273.75 | NOTE | |||
r-devel-linux-x86_64-fedora-gcc | 0.1.1 | 231.09 | NOTE | |||
r-patched-linux-x86_64 | 0.1.1 | 107.16 | 45.87 | 153.03 | NOTE | |
r-release-linux-x86_64 | 0.1.1 | 116.25 | 44.01 | 160.26 | NOTE | |
r-release-macos-arm64 | 0.1.1 | NOTE | ||||
r-release-macos-x86_64 | 0.1.1 | NOTE | ||||
r-release-windows-x86_64 | 0.1.1 | 63.00 | 89.00 | 152.00 | NOTE | |
r-oldrel-macos-arm64 | 0.1.1 | NOTE | ||||
r-oldrel-macos-x86_64 | 0.1.1 | NOTE | ||||
r-oldrel-windows-ix86+x86_64 | 0.1.1 | 170.00 | 91.00 | 261.00 | NOTE |
Version: 0.1.1
Check: LazyData
Result: NOTE
'LazyData' is specified without a 'data' directory
Flavors: r-devel-linux-x86_64-debian-clang, r-devel-linux-x86_64-debian-gcc, r-devel-linux-x86_64-fedora-clang, r-devel-linux-x86_64-fedora-gcc, r-patched-linux-x86_64, r-release-linux-x86_64, r-release-macos-arm64, r-release-macos-x86_64, r-release-windows-x86_64, r-oldrel-macos-arm64, r-oldrel-macos-x86_64, r-oldrel-windows-ix86+x86_64