Last updated on 2022-04-24 03:52:36 CEST.
Flavor | Version | Tinstall | Tcheck | Ttotal | Status | Flags |
---|---|---|---|---|---|---|
r-devel-linux-x86_64-debian-clang | 0.0.8 | 59.31 | 80.84 | 140.15 | OK | |
r-devel-linux-x86_64-debian-gcc | 0.0.8 | 56.16 | 60.70 | 116.86 | OK | |
r-devel-linux-x86_64-fedora-clang | 0.0.8 | 220.14 | NOTE | |||
r-devel-linux-x86_64-fedora-gcc | 0.0.8 | 183.69 | OK | |||
r-patched-linux-x86_64 | 0.0.8 | 66.56 | 75.69 | 142.25 | OK | |
r-release-linux-x86_64 | 0.0.8 | 64.84 | 73.19 | 138.03 | OK | |
r-release-macos-arm64 | 0.0.8 | NOTE | ||||
r-release-macos-x86_64 | 0.0.8 | NOTE | ||||
r-release-windows-x86_64 | 0.0.8 | 574.00 | 150.00 | 724.00 | NOTE | |
r-oldrel-macos-arm64 | 0.0.8 | NOTE | ||||
r-oldrel-macos-x86_64 | 0.0.8 | NOTE | ||||
r-oldrel-windows-ix86+x86_64 | 0.0.8 | 162.00 | 111.00 | 273.00 | NOTE |
Version: 0.0.8
Check: installed package size
Result: NOTE
installed size is 6.7Mb
sub-directories of 1Mb or more:
minizinc 3.4Mb
Flavors: r-devel-linux-x86_64-fedora-clang, r-release-macos-arm64, r-release-macos-x86_64, r-release-windows-x86_64, r-oldrel-macos-arm64, r-oldrel-macos-x86_64, r-oldrel-windows-ix86+x86_64