Last updated on 2022-04-24 03:52:36 CEST.
Flavor | Version | Tinstall | Tcheck | Ttotal | Status | Flags |
---|---|---|---|---|---|---|
r-devel-linux-x86_64-debian-clang | 1.0 | 2.08 | 29.66 | 31.74 | NOTE | |
r-devel-linux-x86_64-debian-gcc | 1.0 | 1.59 | 23.06 | 24.65 | NOTE | |
r-devel-linux-x86_64-fedora-clang | 1.0 | 40.44 | NOTE | |||
r-devel-linux-x86_64-fedora-gcc | 1.0 | 28.04 | NOTE | |||
r-patched-linux-x86_64 | 1.0 | 1.84 | 28.55 | 30.39 | NOTE | |
r-release-linux-x86_64 | 1.0 | 1.56 | 28.27 | 29.83 | NOTE | |
r-release-macos-arm64 | 1.0 | NOTE | ||||
r-release-macos-x86_64 | 1.0 | NOTE | ||||
r-release-windows-x86_64 | 1.0 | 13.00 | 44.00 | 57.00 | NOTE | |
r-oldrel-macos-arm64 | 1.0 | NOTE | ||||
r-oldrel-macos-x86_64 | 1.0 | NOTE | ||||
r-oldrel-windows-ix86+x86_64 | 1.0 | 4.00 | 25.00 | 29.00 | NOTE |
Version: 1.0
Check: R code for possible problems
Result: NOTE
rms.pval: no visible global function definition for 'runif'
Undefined global functions or variables:
runif
Consider adding
importFrom("stats", "runif")
to your NAMESPACE file.
Flavors: r-devel-linux-x86_64-debian-clang, r-devel-linux-x86_64-debian-gcc, r-devel-linux-x86_64-fedora-clang, r-devel-linux-x86_64-fedora-gcc, r-patched-linux-x86_64, r-release-linux-x86_64, r-release-macos-arm64, r-release-macos-x86_64, r-release-windows-x86_64, r-oldrel-macos-arm64, r-oldrel-macos-x86_64, r-oldrel-windows-ix86+x86_64