Last updated on 2022-04-24 03:52:36 CEST.
Flavor | Version | Tinstall | Tcheck | Ttotal | Status | Flags |
---|---|---|---|---|---|---|
r-devel-linux-x86_64-debian-clang | 6.2-0 | 40.46 | 331.12 | 371.58 | WARN | |
r-devel-linux-x86_64-debian-gcc | 6.3-0 | 38.97 | 245.01 | 283.98 | OK | |
r-devel-linux-x86_64-fedora-clang | 6.3-0 | 458.40 | OK | |||
r-devel-linux-x86_64-fedora-gcc | 6.3-0 | 463.68 | OK | |||
r-patched-linux-x86_64 | 6.3-0 | 51.52 | 316.39 | 367.91 | OK | |
r-release-linux-x86_64 | 6.2-0 | 40.51 | 281.51 | 322.02 | OK | |
r-release-macos-arm64 | 6.2-0 | OK | ||||
r-release-macos-x86_64 | 6.2-0 | OK | ||||
r-release-windows-x86_64 | 6.2-0 | 89.00 | 353.00 | 442.00 | OK | |
r-oldrel-macos-arm64 | 6.2-0 | OK | ||||
r-oldrel-macos-x86_64 | 6.2-0 | OK | ||||
r-oldrel-windows-ix86+x86_64 | 6.3-0 | 78.00 | 413.00 | 491.00 | OK |
Version: 6.2-0
Check: Rd files
Result: WARN
checkRd: (7) bootcov.Rd:272: invalid email address: v\_bill\_pikounis@merck.com
Flavor: r-devel-linux-x86_64-debian-clang