Last updated on 2022-04-24 03:52:36 CEST.
Flavor | Version | Tinstall | Tcheck | Ttotal | Status | Flags |
---|---|---|---|---|---|---|
r-devel-linux-x86_64-debian-clang | 0.0.3 | 1.61 | 28.44 | 30.05 | OK | |
r-devel-linux-x86_64-debian-gcc | 0.0.3 | 1.52 | 22.41 | 23.93 | OK | |
r-devel-linux-x86_64-fedora-clang | 0.0.3 | 37.83 | NOTE | |||
r-devel-linux-x86_64-fedora-gcc | 0.0.3 | 26.51 | OK | |||
r-patched-linux-x86_64 | 0.0.3 | 1.75 | 28.12 | 29.87 | OK | |
r-release-linux-x86_64 | 0.0.3 | 1.47 | 27.49 | 28.96 | OK | |
r-release-macos-arm64 | 0.0.3 | OK | ||||
r-release-macos-x86_64 | 0.0.3 | OK | ||||
r-release-windows-x86_64 | 0.0.3 | 11.00 | 41.00 | 52.00 | OK | |
r-oldrel-macos-arm64 | 0.0.3 | OK | ||||
r-oldrel-macos-x86_64 | 0.0.3 | OK | ||||
r-oldrel-windows-ix86+x86_64 | 0.0.3 | 4.00 | 21.00 | 25.00 | OK |
Version: 0.0.3
Check: Rd cross-references
Result: NOTE
Undeclared package ‘fortunes’ in Rd xrefs
Flavor: r-devel-linux-x86_64-fedora-clang