Last updated on 2022-04-24 03:52:36 CEST.
Flavor | Version | Tinstall | Tcheck | Ttotal | Status | Flags |
---|---|---|---|---|---|---|
r-devel-linux-x86_64-debian-clang | 5.2.1-15 | 248.18 | 79.90 | 328.08 | NOTE | |
r-devel-linux-x86_64-debian-gcc | 5.2.1-15 | 227.66 | 59.47 | 287.13 | NOTE | |
r-devel-linux-x86_64-fedora-clang | 5.2.1-15 | 460.57 | NOTE | |||
r-devel-linux-x86_64-fedora-gcc | 5.2.1-15 | 440.36 | NOTE | |||
r-patched-linux-x86_64 | 5.2.1-15 | 221.14 | 75.03 | 296.17 | NOTE | |
r-release-linux-x86_64 | 5.2.1-15 | 225.73 | 72.63 | 298.36 | NOTE | |
r-release-macos-arm64 | 5.2.1-15 | NOTE | ||||
r-release-macos-x86_64 | 5.2.1-15 | NOTE | ||||
r-release-windows-x86_64 | 5.2.1-15 | 1389.00 | 140.00 | 1529.00 | NOTE | |
r-oldrel-macos-arm64 | 5.2.1-15 | NOTE | ||||
r-oldrel-macos-x86_64 | 5.2.1-15 | NOTE | ||||
r-oldrel-windows-ix86+x86_64 | 5.2.1-15 | 660.00 | 135.00 | 795.00 | NOTE |
Version: 5.2.1-15
Check: for GNU extensions in Makefiles
Result: NOTE
GNU make is a SystemRequirements.
Flavors: r-devel-linux-x86_64-debian-clang, r-devel-linux-x86_64-debian-gcc, r-devel-linux-x86_64-fedora-clang, r-devel-linux-x86_64-fedora-gcc, r-patched-linux-x86_64, r-release-linux-x86_64, r-release-macos-arm64, r-release-macos-x86_64, r-release-windows-x86_64, r-oldrel-macos-arm64, r-oldrel-macos-x86_64, r-oldrel-windows-ix86+x86_64
Version: 5.2.1-15
Check: installed package size
Result: NOTE
installed size is 10.9Mb
sub-directories of 1Mb or more:
libs 10.6Mb
Flavors: r-devel-linux-x86_64-fedora-clang, r-release-macos-arm64, r-release-macos-x86_64, r-oldrel-macos-arm64, r-oldrel-macos-x86_64, r-oldrel-windows-ix86+x86_64