Last updated on 2022-04-24 03:52:36 CEST.
Flavor | Version | Tinstall | Tcheck | Ttotal | Status | Flags |
---|---|---|---|---|---|---|
r-devel-linux-x86_64-debian-clang | 0.8.6 | 170.93 | 46.19 | 217.12 | OK | |
r-devel-linux-x86_64-debian-gcc | 0.8.6 | 171.46 | 35.47 | 206.93 | OK | |
r-devel-linux-x86_64-fedora-clang | 0.8.6 | 366.51 | NOTE | |||
r-devel-linux-x86_64-fedora-gcc | 0.8.6 | 326.14 | OK | |||
r-patched-linux-x86_64 | 0.8.6 | 176.01 | 44.12 | 220.13 | OK | |
r-release-linux-x86_64 | 0.8.6 | 168.05 | 42.37 | 210.42 | OK | |
r-release-macos-arm64 | 0.8.6 | NOTE | ||||
r-release-macos-x86_64 | 0.8.6 | NOTE | ||||
r-release-windows-x86_64 | 0.8.6 | 138.00 | 99.00 | 237.00 | OK | |
r-oldrel-macos-arm64 | 0.8.6 | NOTE | ||||
r-oldrel-macos-x86_64 | 0.8.6 | NOTE | ||||
r-oldrel-windows-ix86+x86_64 | 0.8.6 | 413.00 | 83.00 | 496.00 | OK |
Version: 0.8.6
Check: installed package size
Result: NOTE
installed size is 13.5Mb
sub-directories of 1Mb or more:
libs 13.3Mb
Flavors: r-devel-linux-x86_64-fedora-clang, r-release-macos-arm64, r-release-macos-x86_64, r-oldrel-macos-arm64, r-oldrel-macos-x86_64