Last updated on 2022-04-24 03:52:36 CEST.
Flavor | Version | Tinstall | Tcheck | Ttotal | Status | Flags |
---|---|---|---|---|---|---|
r-devel-linux-x86_64-debian-clang | 0.2.0 | 24.81 | 257.11 | 281.92 | OK | |
r-devel-linux-x86_64-debian-gcc | 0.2.0 | 21.32 | 185.21 | 206.53 | OK | |
r-devel-linux-x86_64-fedora-clang | 0.2.0 | 342.87 | OK | |||
r-devel-linux-x86_64-fedora-gcc | 0.2.0 | 332.03 | OK | |||
r-patched-linux-x86_64 | 0.2.0 | 24.07 | 242.69 | 266.76 | OK | |
r-release-linux-x86_64 | 0.2.0 | 22.33 | 230.54 | 252.87 | OK | |
r-release-macos-arm64 | 0.2.0 | ERROR | ||||
r-release-macos-x86_64 | 0.2.0 | ERROR | ||||
r-release-windows-x86_64 | 0.2.0 | 55.00 | 265.00 | 320.00 | OK | |
r-oldrel-macos-arm64 | 0.2.0 | ERROR | ||||
r-oldrel-macos-x86_64 | 0.2.0 | ERROR | ||||
r-oldrel-windows-ix86+x86_64 | 0.2.0 | 50.00 | 260.00 | 310.00 | OK |
Version: 0.2.0
Check: whether package can be installed
Result: ERROR
Installation failed.
Flavors: r-release-macos-arm64, r-release-macos-x86_64, r-oldrel-macos-arm64, r-oldrel-macos-x86_64