Last updated on 2022-04-24 03:52:36 CEST.
Flavor | Version | Tinstall | Tcheck | Ttotal | Status | Flags |
---|---|---|---|---|---|---|
r-devel-linux-x86_64-debian-clang | 2.0.4 | 9.34 | 124.54 | 133.88 | NOTE | |
r-devel-linux-x86_64-debian-gcc | 2.0.4 | 7.99 | 93.83 | 101.82 | NOTE | |
r-devel-linux-x86_64-fedora-clang | 2.0.4 | 156.60 | NOTE | |||
r-devel-linux-x86_64-fedora-gcc | 2.0.4 | 140.82 | NOTE | |||
r-patched-linux-x86_64 | 2.0.4 | 9.66 | 116.92 | 126.58 | NOTE | |
r-release-linux-x86_64 | 2.0.4 | 8.71 | 112.33 | 121.04 | NOTE | |
r-release-macos-arm64 | 2.0.4 | NOTE | ||||
r-release-macos-x86_64 | 2.0.4 | NOTE | ||||
r-release-windows-x86_64 | 2.0.4 | 18.00 | 162.00 | 180.00 | NOTE | |
r-oldrel-macos-arm64 | 2.0.4 | NOTE | ||||
r-oldrel-macos-x86_64 | 2.0.4 | NOTE | ||||
r-oldrel-windows-ix86+x86_64 | 2.0.4 | 21.00 | 149.00 | 170.00 | NOTE |
Version: 2.0.4
Check: LazyData
Result: NOTE
'LazyData' is specified without a 'data' directory
Flavors: r-devel-linux-x86_64-debian-clang, r-devel-linux-x86_64-debian-gcc, r-devel-linux-x86_64-fedora-clang, r-devel-linux-x86_64-fedora-gcc, r-patched-linux-x86_64, r-release-linux-x86_64, r-release-macos-arm64, r-release-macos-x86_64, r-release-windows-x86_64, r-oldrel-macos-arm64, r-oldrel-macos-x86_64, r-oldrel-windows-ix86+x86_64