Last updated on 2022-04-24 03:52:36 CEST.
| Flavor | Version | Tinstall | Tcheck | Ttotal | Status | Flags | 
|---|---|---|---|---|---|---|
| r-devel-linux-x86_64-debian-clang | 1.4.3 | 10.06 | 221.02 | 231.08 | OK | |
| r-devel-linux-x86_64-debian-gcc | 1.4.3 | 9.90 | 159.95 | 169.85 | OK | |
| r-devel-linux-x86_64-fedora-clang | 1.4.3 | 271.17 | NOTE | |||
| r-devel-linux-x86_64-fedora-gcc | 1.4.3 | 254.60 | OK | |||
| r-patched-linux-x86_64 | 1.4.3 | 10.68 | 209.76 | 220.44 | OK | |
| r-release-linux-x86_64 | 1.4.3 | 7.40 | 199.59 | 206.99 | OK | |
| r-release-macos-arm64 | 1.4.3 | NOTE | ||||
| r-release-macos-x86_64 | 1.4.3 | NOTE | ||||
| r-release-windows-x86_64 | 1.4.3 | 94.00 | 242.00 | 336.00 | NOTE | |
| r-oldrel-macos-arm64 | 1.4.3 | NOTE | ||||
| r-oldrel-macos-x86_64 | 1.4.3 | NOTE | ||||
| r-oldrel-windows-ix86+x86_64 | 1.4.3 | 22.00 | 242.00 | 264.00 | NOTE | 
Version: 1.4.3
Check: installed package size
Result: NOTE
      installed size is  5.2Mb
      sub-directories of 1Mb or more:
        data   2.9Mb
        doc    1.7Mb
Flavors: r-devel-linux-x86_64-fedora-clang, r-release-macos-arm64, r-release-macos-x86_64, r-release-windows-x86_64, r-oldrel-macos-arm64, r-oldrel-macos-x86_64, r-oldrel-windows-ix86+x86_64