Last updated on 2022-04-24 03:52:36 CEST.
Flavor | Version | Tinstall | Tcheck | Ttotal | Status | Flags |
---|---|---|---|---|---|---|
r-devel-linux-x86_64-debian-clang | 0.1.0 | 227.07 | 65.60 | 292.67 | OK | |
r-devel-linux-x86_64-debian-gcc | 0.1.0 | 186.39 | 47.16 | 233.55 | OK | |
r-devel-linux-x86_64-fedora-clang | 0.1.0 | 462.03 | NOTE | |||
r-devel-linux-x86_64-fedora-gcc | 0.1.0 | 386.76 | OK | |||
r-patched-linux-x86_64 | 0.1.0 | 206.49 | 63.80 | 270.29 | OK | |
r-release-linux-x86_64 | 0.1.0 | 197.14 | 62.97 | 260.11 | OK | |
r-release-macos-arm64 | 0.1.0 | NOTE | ||||
r-release-macos-x86_64 | 0.1.0 | NOTE | ||||
r-release-windows-x86_64 | 0.1.0 | 167.00 | 107.00 | 274.00 | OK | |
r-oldrel-macos-arm64 | 0.1.0 | NOTE | ||||
r-oldrel-macos-x86_64 | 0.1.0 | NOTE | ||||
r-oldrel-windows-ix86+x86_64 | 0.1.0 | 554.00 | 131.00 | 685.00 | OK |
Version: 0.1.0
Check: installed package size
Result: NOTE
installed size is 8.0Mb
sub-directories of 1Mb or more:
libs 7.4Mb
Flavors: r-devel-linux-x86_64-fedora-clang, r-release-macos-arm64, r-release-macos-x86_64, r-oldrel-macos-arm64, r-oldrel-macos-x86_64