Last updated on 2022-04-24 03:52:36 CEST.
Flavor | Version | Tinstall | Tcheck | Ttotal | Status | Flags |
---|---|---|---|---|---|---|
r-devel-linux-x86_64-debian-clang | 1.4 | 40.86 | 94.26 | 135.12 | NOTE | |
r-devel-linux-x86_64-debian-gcc | 1.4 | 32.30 | 69.95 | 102.25 | NOTE | |
r-devel-linux-x86_64-fedora-clang | 1.4 | 174.36 | NOTE | |||
r-devel-linux-x86_64-fedora-gcc | 1.4 | 150.96 | NOTE | |||
r-patched-linux-x86_64 | 1.4 | 37.81 | 88.11 | 125.92 | NOTE | |
r-release-linux-x86_64 | 1.4 | 37.78 | 82.32 | 120.10 | NOTE | |
r-release-macos-arm64 | 1.4 | NOTE | ||||
r-release-macos-x86_64 | 1.4 | NOTE | ||||
r-release-windows-x86_64 | 1.4 | 38.00 | 122.00 | 160.00 | NOTE | |
r-oldrel-macos-arm64 | 1.4 | NOTE | ||||
r-oldrel-macos-x86_64 | 1.4 | NOTE | ||||
r-oldrel-windows-ix86+x86_64 | 1.4 | 98.00 | 142.00 | 240.00 | NOTE |
Version: 1.4
Check: LazyData
Result: NOTE
'LazyData' is specified without a 'data' directory
Flavors: r-devel-linux-x86_64-debian-clang, r-devel-linux-x86_64-debian-gcc, r-devel-linux-x86_64-fedora-clang, r-devel-linux-x86_64-fedora-gcc, r-patched-linux-x86_64, r-release-linux-x86_64, r-release-macos-arm64, r-release-macos-x86_64, r-release-windows-x86_64, r-oldrel-macos-arm64, r-oldrel-macos-x86_64, r-oldrel-windows-ix86+x86_64