Last updated on 2022-04-24 03:52:36 CEST.
Flavor | Version | Tinstall | Tcheck | Ttotal | Status | Flags |
---|---|---|---|---|---|---|
r-devel-linux-x86_64-debian-clang | 0.7.13 | 3.57 | 50.21 | 53.78 | NOTE | |
r-devel-linux-x86_64-debian-gcc | 0.7.13 | 1.66 | 39.25 | 40.91 | NOTE | |
r-devel-linux-x86_64-fedora-clang | 0.7.13 | 65.11 | NOTE | |||
r-devel-linux-x86_64-fedora-gcc | 0.7.13 | 52.48 | NOTE | |||
r-patched-linux-x86_64 | 0.7.13 | 3.49 | 48.32 | 51.81 | NOTE | |
r-release-linux-x86_64 | 0.7.13 | 3.15 | 46.85 | 50.00 | NOTE | |
r-release-macos-arm64 | 0.7.13 | NOTE | ||||
r-release-macos-x86_64 | 0.7.13 | NOTE | ||||
r-release-windows-x86_64 | 0.7.13 | 48.00 | 75.00 | 123.00 | NOTE | |
r-oldrel-macos-arm64 | 0.7.13 | NOTE | ||||
r-oldrel-macos-x86_64 | 0.7.13 | NOTE | ||||
r-oldrel-windows-ix86+x86_64 | 0.7.13 | 7.00 | 57.00 | 64.00 | NOTE |
Version: 0.7.13
Check: LazyData
Result: NOTE
'LazyData' is specified without a 'data' directory
Flavors: r-devel-linux-x86_64-debian-clang, r-devel-linux-x86_64-debian-gcc, r-devel-linux-x86_64-fedora-clang, r-devel-linux-x86_64-fedora-gcc, r-patched-linux-x86_64, r-release-linux-x86_64, r-release-macos-arm64, r-release-macos-x86_64, r-release-windows-x86_64, r-oldrel-macos-arm64, r-oldrel-macos-x86_64, r-oldrel-windows-ix86+x86_64
Version: 0.7.13
Check: dependencies in R code
Result: NOTE
Namespace in Imports field not imported from: ‘future’
All declared Imports should be used.
Flavors: r-devel-linux-x86_64-fedora-clang, r-devel-linux-x86_64-fedora-gcc, r-release-macos-arm64, r-release-macos-x86_64, r-oldrel-macos-arm64, r-oldrel-macos-x86_64