Last updated on 2022-04-24 03:52:36 CEST.
Flavor | Version | Tinstall | Tcheck | Ttotal | Status | Flags |
---|---|---|---|---|---|---|
r-devel-linux-x86_64-debian-clang | 1.1 | 46.96 | 50.96 | 97.92 | OK | |
r-devel-linux-x86_64-debian-gcc | 1.1 | 38.18 | 39.24 | 77.42 | OK | |
r-devel-linux-x86_64-fedora-clang | 1.1 | 137.77 | OK | |||
r-devel-linux-x86_64-fedora-gcc | 1.1 | 115.08 | OK | |||
r-patched-linux-x86_64 | 1.1 | 34.30 | 49.14 | 83.44 | OK | |
r-release-linux-x86_64 | 1.1 | 35.50 | 47.68 | 83.18 | OK | |
r-release-macos-arm64 | 1.1 | NOTE | ||||
r-release-macos-x86_64 | 1.1 | OK | ||||
r-release-windows-x86_64 | 1.1 | 49.00 | 95.00 | 144.00 | OK | |
r-oldrel-macos-arm64 | 1.1 | NOTE | ||||
r-oldrel-macos-x86_64 | 1.1 | OK | ||||
r-oldrel-windows-ix86+x86_64 | 1.1 | 106.00 | 98.00 | 204.00 | OK |
Version: 1.1
Check: installed package size
Result: NOTE
installed size is 5.8Mb
sub-directories of 1Mb or more:
libs 5.5Mb
Flavors: r-release-macos-arm64, r-oldrel-macos-arm64