Last updated on 2022-04-24 03:52:36 CEST.
Flavor | Version | Tinstall | Tcheck | Ttotal | Status | Flags |
---|---|---|---|---|---|---|
r-devel-linux-x86_64-debian-clang | 2.0 | 2.88 | 41.02 | 43.90 | OK | |
r-devel-linux-x86_64-debian-gcc | 2.0 | 2.24 | 31.28 | 33.52 | OK | |
r-devel-linux-x86_64-fedora-clang | 2.0 | 55.40 | NOTE | |||
r-devel-linux-x86_64-fedora-gcc | 2.0 | 45.59 | NOTE | |||
r-patched-linux-x86_64 | 2.0 | 3.19 | 39.17 | 42.36 | OK | |
r-release-linux-x86_64 | 2.0 | 2.37 | 38.03 | 40.40 | OK | |
r-release-macos-arm64 | 2.0 | NOTE | ||||
r-release-macos-x86_64 | 2.0 | NOTE | ||||
r-release-windows-x86_64 | 2.0 | 21.00 | 57.00 | 78.00 | OK | |
r-oldrel-macos-arm64 | 2.0 | NOTE | ||||
r-oldrel-macos-x86_64 | 2.0 | NOTE | ||||
r-oldrel-windows-ix86+x86_64 | 2.0 | 7.00 | 49.00 | 56.00 | OK |
Version: 2.0
Check: data for non-ASCII characters
Result: NOTE
Note: found 6 marked UTF-8 strings
Flavors: r-devel-linux-x86_64-fedora-clang, r-devel-linux-x86_64-fedora-gcc, r-release-macos-arm64, r-release-macos-x86_64, r-oldrel-macos-arm64, r-oldrel-macos-x86_64