Last updated on 2022-04-24 03:52:36 CEST.
Flavor | Version | Tinstall | Tcheck | Ttotal | Status | Flags |
---|---|---|---|---|---|---|
r-devel-linux-x86_64-debian-clang | 0.1.3 | 78.38 | 98.71 | 177.09 | OK | |
r-devel-linux-x86_64-debian-gcc | 0.1.3 | 54.48 | 74.73 | 129.21 | OK | |
r-devel-linux-x86_64-fedora-clang | 0.1.3 | 231.64 | OK | |||
r-devel-linux-x86_64-fedora-gcc | 0.1.3 | 204.84 | OK | |||
r-patched-linux-x86_64 | 0.1.3 | 61.21 | 93.60 | 154.81 | OK | |
r-release-linux-x86_64 | 0.1.3 | 64.66 | 86.87 | 151.53 | OK | |
r-release-macos-arm64 | 0.1.3 | NOTE | ||||
r-release-macos-x86_64 | 0.1.3 | OK | ||||
r-release-windows-x86_64 | 0.1.3 | 79.00 | 132.00 | 211.00 | OK | |
r-oldrel-macos-arm64 | 0.1.3 | NOTE | ||||
r-oldrel-macos-x86_64 | 0.1.3 | OK | ||||
r-oldrel-windows-ix86+x86_64 | 0.1.3 | 179.00 | 139.00 | 318.00 | OK |
Version: 0.1.3
Check: installed package size
Result: NOTE
installed size is 5.1Mb
sub-directories of 1Mb or more:
libs 4.9Mb
Flavors: r-release-macos-arm64, r-oldrel-macos-arm64