Last updated on 2022-04-24 03:52:36 CEST.
Flavor | Version | Tinstall | Tcheck | Ttotal | Status | Flags |
---|---|---|---|---|---|---|
r-devel-linux-x86_64-debian-clang | 0.7.2 | 127.28 | 149.06 | 276.34 | OK | |
r-devel-linux-x86_64-debian-gcc | 0.7.2 | 102.16 | 108.60 | 210.76 | OK | |
r-devel-linux-x86_64-fedora-clang | 0.7.2 | 341.14 | NOTE | |||
r-devel-linux-x86_64-fedora-gcc | 0.7.2 | 333.73 | OK | |||
r-patched-linux-x86_64 | 0.7.2 | 106.35 | 141.96 | 248.31 | OK | |
r-release-linux-x86_64 | 0.7.2 | 101.48 | 136.75 | 238.23 | OK | |
r-release-macos-arm64 | 0.7.2 | NOTE | ||||
r-release-macos-x86_64 | 0.7.2 | NOTE | ||||
r-release-windows-x86_64 | 0.7.2 | 147.00 | 179.00 | 326.00 | OK | |
r-oldrel-macos-arm64 | 0.7.2 | NOTE | ||||
r-oldrel-macos-x86_64 | 0.7.2 | NOTE | ||||
r-oldrel-windows-ix86+x86_64 | 0.7.2 | 295.00 | 240.00 | 535.00 | OK |
Version: 0.7.2
Check: installed package size
Result: NOTE
installed size is 5.9Mb
sub-directories of 1Mb or more:
data 1.3Mb
libs 3.9Mb
Flavors: r-devel-linux-x86_64-fedora-clang, r-release-macos-arm64, r-release-macos-x86_64, r-oldrel-macos-arm64, r-oldrel-macos-x86_64