Last updated on 2022-04-24 03:52:36 CEST.
Flavor | Version | Tinstall | Tcheck | Ttotal | Status | Flags |
---|---|---|---|---|---|---|
r-devel-linux-x86_64-debian-clang | 1.2-5 | 3.23 | 60.03 | 63.26 | OK | |
r-devel-linux-x86_64-debian-gcc | 1.2-5 | 2.89 | 45.95 | 48.84 | OK | |
r-devel-linux-x86_64-fedora-clang | 1.2-5 | 77.76 | NOTE | |||
r-devel-linux-x86_64-fedora-gcc | 1.2-5 | 65.55 | OK | |||
r-patched-linux-x86_64 | 1.2-5 | 3.28 | 57.39 | 60.67 | OK | |
r-release-linux-x86_64 | 1.2-5 | 4.15 | 51.41 | 55.56 | OK | |
r-release-macos-arm64 | 1.2-5 | OK | ||||
r-release-macos-x86_64 | 1.2-5 | OK | ||||
r-release-windows-x86_64 | 1.2-5 | 14.00 | 76.00 | 90.00 | OK | |
r-oldrel-macos-arm64 | 1.2-5 | OK | ||||
r-oldrel-macos-x86_64 | 1.2-5 | OK | ||||
r-oldrel-windows-ix86+x86_64 | 1.2-5 | 8.00 | 64.00 | 72.00 | OK |
Version: 1.2-5
Check: Rd cross-references
Result: NOTE
Undeclared package ‘pcaPP’ in Rd xrefs
Flavor: r-devel-linux-x86_64-fedora-clang