Last updated on 2022-04-24 03:52:36 CEST.
Flavor | Version | Tinstall | Tcheck | Ttotal | Status | Flags |
---|---|---|---|---|---|---|
r-devel-linux-x86_64-debian-clang | 0.1.0 | 2.00 | 41.45 | 43.45 | NOTE | |
r-devel-linux-x86_64-debian-gcc | 0.1.0 | 1.96 | 31.60 | 33.56 | NOTE | |
r-devel-linux-x86_64-fedora-clang | 0.1.0 | 55.05 | NOTE | |||
r-devel-linux-x86_64-fedora-gcc | 0.1.0 | 44.77 | NOTE | |||
r-patched-linux-x86_64 | 0.1.0 | 2.14 | 41.13 | 43.27 | NOTE | |
r-release-linux-x86_64 | 0.1.0 | 2.19 | 39.14 | 41.33 | NOTE | |
r-release-macos-arm64 | 0.1.0 | NOTE | ||||
r-release-macos-x86_64 | 0.1.0 | NOTE | ||||
r-release-windows-x86_64 | 0.1.0 | 16.00 | 59.00 | 75.00 | NOTE | |
r-oldrel-macos-arm64 | 0.1.0 | NOTE | ||||
r-oldrel-macos-x86_64 | 0.1.0 | NOTE | ||||
r-oldrel-windows-ix86+x86_64 | 0.1.0 | 6.00 | 47.00 | 53.00 | NOTE |
Version: 0.1.0
Check: LazyData
Result: NOTE
'LazyData' is specified without a 'data' directory
Flavors: r-devel-linux-x86_64-debian-clang, r-devel-linux-x86_64-debian-gcc, r-devel-linux-x86_64-fedora-clang, r-devel-linux-x86_64-fedora-gcc, r-patched-linux-x86_64, r-release-linux-x86_64, r-release-macos-arm64, r-release-macos-x86_64, r-release-windows-x86_64, r-oldrel-macos-arm64, r-oldrel-macos-x86_64, r-oldrel-windows-ix86+x86_64