Last updated on 2022-04-24 03:52:37 CEST.
Flavor | Version | Tinstall | Tcheck | Ttotal | Status | Flags |
---|---|---|---|---|---|---|
r-devel-linux-x86_64-debian-clang | 1.1.6 | 50.93 | 40.38 | 91.31 | NOTE | |
r-devel-linux-x86_64-debian-gcc | 1.1.6 | 56.43 | 31.41 | 87.84 | NOTE | |
r-devel-linux-x86_64-fedora-clang | 1.1.6 | 137.02 | NOTE | |||
r-devel-linux-x86_64-fedora-gcc | 1.1.6 | 126.78 | NOTE | |||
r-patched-linux-x86_64 | 1.1.6 | 55.23 | 39.39 | 94.62 | NOTE | |
r-release-linux-x86_64 | 1.1.6 | 53.44 | 37.60 | 91.04 | NOTE | |
r-release-macos-arm64 | 1.1.6 | NOTE | ||||
r-release-macos-x86_64 | 1.1.6 | NOTE | ||||
r-release-windows-x86_64 | 1.1.6 | 53.00 | 85.00 | 138.00 | NOTE | |
r-oldrel-macos-arm64 | 1.1.6 | NOTE | ||||
r-oldrel-macos-x86_64 | 1.1.6 | NOTE | ||||
r-oldrel-windows-ix86+x86_64 | 1.1.6 | 133.00 | 81.00 | 214.00 | NOTE |
Version: 1.1.6
Check: for GNU extensions in Makefiles
Result: NOTE
GNU make is a SystemRequirements.
Flavors: r-devel-linux-x86_64-debian-clang, r-devel-linux-x86_64-debian-gcc, r-devel-linux-x86_64-fedora-clang, r-devel-linux-x86_64-fedora-gcc, r-patched-linux-x86_64, r-release-linux-x86_64, r-release-macos-arm64, r-release-macos-x86_64, r-release-windows-x86_64, r-oldrel-macos-arm64, r-oldrel-macos-x86_64, r-oldrel-windows-ix86+x86_64
Version: 1.1.6
Check: installed package size
Result: NOTE
installed size is 7.4Mb
sub-directories of 1Mb or more:
libs 7.2Mb
Flavors: r-release-macos-arm64, r-release-macos-x86_64, r-oldrel-macos-arm64, r-oldrel-macos-x86_64