Last updated on 2022-04-24 03:52:37 CEST.
Flavor | Version | Tinstall | Tcheck | Ttotal | Status | Flags |
---|---|---|---|---|---|---|
r-devel-linux-x86_64-debian-clang | 0.1.3 | 44.57 | 74.71 | 119.28 | NOTE | |
r-devel-linux-x86_64-debian-gcc | 0.1.3 | 35.51 | 55.33 | 90.84 | NOTE | |
r-devel-linux-x86_64-fedora-clang | 0.1.3 | 168.16 | NOTE | |||
r-devel-linux-x86_64-fedora-gcc | 0.1.3 | 141.14 | NOTE | |||
r-patched-linux-x86_64 | 0.1.3 | 37.71 | 70.29 | 108.00 | NOTE | |
r-release-linux-x86_64 | 0.1.3 | 36.33 | 66.11 | 102.44 | NOTE | |
r-release-macos-arm64 | 0.1.3 | NOTE | ||||
r-release-macos-x86_64 | 0.1.3 | NOTE | ||||
r-release-windows-x86_64 | 0.1.3 | 51.00 | 112.00 | 163.00 | NOTE | |
r-oldrel-macos-arm64 | 0.1.3 | NOTE | ||||
r-oldrel-macos-x86_64 | 0.1.3 | NOTE | ||||
r-oldrel-windows-ix86+x86_64 | 0.1.3 | 106.00 | 119.00 | 225.00 | NOTE |
Version: 0.1.3
Check: LazyData
Result: NOTE
'LazyData' is specified without a 'data' directory
Flavors: r-devel-linux-x86_64-debian-clang, r-devel-linux-x86_64-debian-gcc, r-devel-linux-x86_64-fedora-clang, r-devel-linux-x86_64-fedora-gcc, r-patched-linux-x86_64, r-release-linux-x86_64, r-release-macos-arm64, r-release-macos-x86_64, r-release-windows-x86_64, r-oldrel-macos-arm64, r-oldrel-macos-x86_64, r-oldrel-windows-ix86+x86_64