Last updated on 2022-04-24 03:52:37 CEST.
Flavor | Version | Tinstall | Tcheck | Ttotal | Status | Flags |
---|---|---|---|---|---|---|
r-devel-linux-x86_64-debian-clang | 0.1 | 2.83 | 41.11 | 43.94 | NOTE | |
r-devel-linux-x86_64-debian-gcc | 0.1 | 2.13 | 31.56 | 33.69 | NOTE | |
r-devel-linux-x86_64-fedora-clang | 0.1 | 55.33 | NOTE | |||
r-devel-linux-x86_64-fedora-gcc | 0.1 | 41.09 | NOTE | |||
r-patched-linux-x86_64 | 0.1 | 6.34 | 39.34 | 45.68 | NOTE | |
r-release-linux-x86_64 | 0.1 | 2.39 | 38.37 | 40.76 | NOTE | |
r-release-macos-arm64 | 0.1 | NOTE | ||||
r-release-macos-x86_64 | 0.1 | NOTE | ||||
r-release-windows-x86_64 | 0.1 | 17.00 | 68.00 | 85.00 | NOTE | |
r-oldrel-macos-arm64 | 0.1 | NOTE | ||||
r-oldrel-macos-x86_64 | 0.1 | NOTE | ||||
r-oldrel-windows-ix86+x86_64 | 0.1 | 7.00 | 53.00 | 60.00 | NOTE |
Version: 0.1
Check: LazyData
Result: NOTE
'LazyData' is specified without a 'data' directory
Flavors: r-devel-linux-x86_64-debian-clang, r-devel-linux-x86_64-debian-gcc, r-devel-linux-x86_64-fedora-clang, r-devel-linux-x86_64-fedora-gcc, r-patched-linux-x86_64, r-release-linux-x86_64, r-release-macos-arm64, r-release-macos-x86_64, r-release-windows-x86_64, r-oldrel-macos-arm64, r-oldrel-macos-x86_64, r-oldrel-windows-ix86+x86_64