Last updated on 2022-04-24 03:52:37 CEST.
Flavor | Version | Tinstall | Tcheck | Ttotal | Status | Flags |
---|---|---|---|---|---|---|
r-devel-linux-x86_64-debian-clang | 0.1.1 | 10.68 | 179.70 | 190.38 | OK | |
r-devel-linux-x86_64-debian-gcc | 0.1.1 | 8.84 | 122.70 | 131.54 | OK | |
r-devel-linux-x86_64-fedora-clang | 0.1.1 | 228.54 | NOTE | |||
r-devel-linux-x86_64-fedora-gcc | 0.1.1 | 205.48 | NOTE | |||
r-patched-linux-x86_64 | 0.1.1 | 15.77 | 157.69 | 173.46 | OK | |
r-release-linux-x86_64 | 0.1.1 | 10.85 | 153.54 | 164.39 | OK | |
r-release-macos-arm64 | 0.1.1 | NOTE | ||||
r-release-macos-x86_64 | 0.1.1 | NOTE | ||||
r-release-windows-x86_64 | 0.1.1 | 28.00 | 176.00 | 204.00 | OK | |
r-oldrel-macos-arm64 | 0.1.1 | NOTE | ||||
r-oldrel-macos-x86_64 | 0.1.1 | NOTE | ||||
r-oldrel-windows-ix86+x86_64 | 0.1.1 | 26.00 | 278.00 | 304.00 | OK |
Version: 0.1.1
Check: data for non-ASCII characters
Result: NOTE
Note: found 261 marked UTF-8 strings
Flavors: r-devel-linux-x86_64-fedora-clang, r-devel-linux-x86_64-fedora-gcc, r-release-macos-arm64, r-release-macos-x86_64, r-oldrel-macos-arm64, r-oldrel-macos-x86_64