Last updated on 2022-04-24 03:52:37 CEST.
Flavor | Version | Tinstall | Tcheck | Ttotal | Status | Flags |
---|---|---|---|---|---|---|
r-devel-linux-x86_64-debian-clang | 0.1 | 24.18 | 72.81 | 96.99 | OK | |
r-devel-linux-x86_64-debian-gcc | 0.1 | 20.13 | 57.11 | 77.24 | OK | |
r-devel-linux-x86_64-fedora-clang | 0.1 | 121.30 | NOTE | |||
r-devel-linux-x86_64-fedora-gcc | 0.1 | 111.45 | OK | |||
r-patched-linux-x86_64 | 0.1 | 25.15 | 71.27 | 96.42 | OK | |
r-release-linux-x86_64 | 0.1 | 26.01 | 70.10 | 96.11 | OK | |
r-release-macos-arm64 | 0.1 | NOTE | ||||
r-release-macos-x86_64 | 0.1 | NOTE | ||||
r-release-windows-x86_64 | 0.1 | 35.00 | 73.00 | 108.00 | NOTE | |
r-oldrel-macos-arm64 | 0.1 | NOTE | ||||
r-oldrel-macos-x86_64 | 0.1 | NOTE | ||||
r-oldrel-windows-ix86+x86_64 | 0.1 | 54.00 | 71.00 | 125.00 | NOTE |
Version: 0.1
Check: installed package size
Result: NOTE
installed size is 5.5Mb
sub-directories of 1Mb or more:
R 2.7Mb
extdata 2.7Mb
Flavors: r-devel-linux-x86_64-fedora-clang, r-release-macos-arm64, r-release-macos-x86_64, r-release-windows-x86_64, r-oldrel-macos-arm64, r-oldrel-macos-x86_64, r-oldrel-windows-ix86+x86_64