Last updated on 2022-04-24 03:52:37 CEST.
Flavor | Version | Tinstall | Tcheck | Ttotal | Status | Flags |
---|---|---|---|---|---|---|
r-devel-linux-x86_64-debian-clang | 0.4.1 | 142.15 | 49.76 | 191.91 | NOTE | |
r-devel-linux-x86_64-debian-gcc | 0.4.1 | 110.27 | 41.03 | 151.30 | NOTE | |
r-devel-linux-x86_64-fedora-clang | 0.4.1 | 278.56 | NOTE | |||
r-devel-linux-x86_64-fedora-gcc | 0.4.1 | 238.72 | NOTE | |||
r-patched-linux-x86_64 | 0.4.1 | 115.61 | 50.69 | 166.30 | NOTE | |
r-release-linux-x86_64 | 0.4.1 | 123.64 | 50.10 | 173.74 | NOTE | |
r-release-macos-arm64 | 0.4.1 | NOTE | ||||
r-release-macos-x86_64 | 0.4.1 | NOTE | ||||
r-release-windows-x86_64 | 0.4.1 | 96.00 | 97.00 | 193.00 | NOTE | |
r-oldrel-macos-arm64 | 0.4.1 | NOTE | ||||
r-oldrel-macos-x86_64 | 0.4.1 | NOTE | ||||
r-oldrel-windows-ix86+x86_64 | 0.4.1 | 272.00 | 112.00 | 384.00 | NOTE |
Version: 0.4.1
Check: LazyData
Result: NOTE
'LazyData' is specified without a 'data' directory
Flavors: r-devel-linux-x86_64-debian-clang, r-devel-linux-x86_64-debian-gcc, r-devel-linux-x86_64-fedora-clang, r-devel-linux-x86_64-fedora-gcc, r-patched-linux-x86_64, r-release-linux-x86_64, r-release-macos-arm64, r-release-macos-x86_64, r-release-windows-x86_64, r-oldrel-macos-arm64, r-oldrel-macos-x86_64, r-oldrel-windows-ix86+x86_64
Version: 0.4.1
Check: installed package size
Result: NOTE
installed size is 17.7Mb
sub-directories of 1Mb or more:
libs 17.5Mb
Flavors: r-devel-linux-x86_64-fedora-clang, r-release-macos-arm64, r-release-macos-x86_64, r-oldrel-macos-arm64, r-oldrel-macos-x86_64