Last updated on 2022-04-24 03:52:37 CEST.
| Flavor | Version | Tinstall | Tcheck | Ttotal | Status | Flags | 
|---|---|---|---|---|---|---|
| r-devel-linux-x86_64-debian-clang | 1.2.0 | 1.80 | 40.52 | 42.32 | OK | |
| r-devel-linux-x86_64-debian-gcc | 1.2.0 | 2.29 | 30.37 | 32.66 | OK | |
| r-devel-linux-x86_64-fedora-clang | 1.2.0 | 51.40 | OK | |||
| r-devel-linux-x86_64-fedora-gcc | 1.2.0 | 40.14 | OK | |||
| r-patched-linux-x86_64 | 1.2.0 | 3.28 | 37.88 | 41.16 | OK | |
| r-release-linux-x86_64 | 1.2.0 | 2.55 | 37.02 | 39.57 | OK | |
| r-release-macos-arm64 | 1.2.0 | OK | ||||
| r-release-macos-x86_64 | 1.2.0 | OK | ||||
| r-release-windows-x86_64 | 1.2.0 | 56.00 | 61.00 | 117.00 | OK | |
| r-oldrel-macos-arm64 | 1.2.0 | OK | ||||
| r-oldrel-macos-x86_64 | 1.2.0 | OK | ||||
| r-oldrel-windows-ix86+x86_64 | 1.2.0 | 7.00 | 44.00 | 51.00 | WARN | 
Version: 1.2.0
Check: re-building of vignette outputs
Result: WARN
    Error(s) in re-building vignettes:
    --- re-building 'nicer_roperators.Rmd' using rmarkdown
    Error: processing vignette 'nicer_roperators.Rmd' failed with diagnostics:
    only `math_method = 'mathjax'` is supported with earlier version than Pandoc 2.0 
    --- failed re-building 'nicer_roperators.Rmd'
    
    SUMMARY: processing the following file failed:
      'nicer_roperators.Rmd'
    
    Error: Vignette re-building failed.
    Execution halted
Flavor: r-oldrel-windows-ix86+x86_64